[INFO] cloning repository https://github.com/Clanwashere/Veloren-RPG
[INFO] running `Command { std: "git" "-c" "credential.helper=" "-c" "credential.helper=/workspace/cargo-home/bin/git-credential-null" "clone" "--bare" "https://github.com/Clanwashere/Veloren-RPG" "/workspace/cache/git-repos/https%3A%2F%2Fgithub.com%2FClanwashere%2FVeloren-RPG", kill_on_drop: false }`
[INFO] [stderr] Cloning into bare repository '/workspace/cache/git-repos/https%3A%2F%2Fgithub.com%2FClanwashere%2FVeloren-RPG'...
[INFO] running `Command { std: "git" "rev-parse" "HEAD", kill_on_drop: false }`
[INFO] [stdout] d5498e34b361d8cd3df3158d18ecbe1ce768f70e
[INFO] checking Clanwashere/Veloren-RPG against master#e6e4f7ed1589e03bc2f6c5931c1a72e7947e8682 for beta-170-4
[INFO] running `Command { std: "git" "clone" "/workspace/cache/git-repos/https%3A%2F%2Fgithub.com%2FClanwashere%2FVeloren-RPG" "/workspace/builds/worker-3-tc2/source", kill_on_drop: false }`
[INFO] [stderr] Cloning into '/workspace/builds/worker-3-tc2/source'...
[INFO] [stderr] done.
[INFO] [stderr] Updating files:  23% (1867/8007)
Updating files:  24% (1922/8007)
Updating files:  25% (2002/8007)
Updating files:  26% (2082/8007)
Updating files:  27% (2162/8007)
Updating files:  28% (2242/8007)
Updating files:  29% (2323/8007)
Updating files:  30% (2403/8007)
Updating files:  31% (2483/8007)
Updating files:  32% (2563/8007)
Updating files:  33% (2643/8007)
Updating files:  34% (2723/8007)
Updating files:  35% (2803/8007)
Updating files:  36% (2883/8007)
Updating files:  37% (2963/8007)
Updating files:  38% (3043/8007)
Updating files:  39% (3123/8007)
Updating files:  40% (3203/8007)
Updating files:  41% (3283/8007)
Updating files:  42% (3363/8007)
Updating files:  43% (3444/8007)
Updating files:  44% (3524/8007)
Updating files:  45% (3604/8007)
Updating files:  46% (3684/8007)
Updating files:  47% (3764/8007)
Updating files:  48% (3844/8007)
Updating files:  49% (3924/8007)
Updating files:  50% (4004/8007)
Updating files:  51% (4084/8007)
Updating files:  52% (4164/8007)
Updating files:  53% (4244/8007)
Updating files:  54% (4324/8007)
Updating files:  55% (4404/8007)
Updating files:  56% (4484/8007)
Updating files:  57% (4564/8007)
Updating files:  58% (4645/8007)
Updating files:  59% (4725/8007)
Updating files:  60% (4805/8007)
Updating files:  61% (4885/8007)
Updating files:  62% (4965/8007)
Updating files:  63% (5045/8007)
Updating files:  64% (5125/8007)
Updating files:  65% (5205/8007)
Updating files:  66% (5285/8007)
Updating files:  67% (5365/8007)
Updating files:  68% (5445/8007)
Updating files:  69% (5525/8007)
Updating files:  70% (5605/8007)
Updating files:  71% (5685/8007)
Updating files:  72% (5766/8007)
Updating files:  73% (5846/8007)
Updating files:  74% (5926/8007)
Updating files:  75% (6006/8007)
Updating files:  76% (6086/8007)
Updating files:  77% (6166/8007)
Updating files:  78% (6246/8007)
Updating files:  79% (6326/8007)
Updating files:  80% (6406/8007)
Updating files:  81% (6486/8007)
Updating files:  82% (6566/8007)
Updating files:  83% (6646/8007)
Updating files:  84% (6726/8007)
Updating files:  85% (6806/8007)
Updating files:  86% (6887/8007)
Updating files:  87% (6967/8007)
Updating files:  88% (7047/8007)
Updating files:  89% (7127/8007)
Updating files:  90% (7207/8007)
Updating files:  91% (7287/8007)
Updating files:  92% (7367/8007)
Updating files:  93% (7447/8007)
Updating files:  94% (7527/8007)
Updating files:  95% (7607/8007)
Updating files:  96% (7687/8007)
Updating files:  97% (7767/8007)
Updating files:  98% (7847/8007)
Updating files:  99% (7927/8007)
Updating files: 100% (8007/8007)
Updating files: 100% (8007/8007), done.
[INFO] validating manifest of git repo https://github.com/Clanwashere/Veloren-RPG on toolchain e6e4f7ed1589e03bc2f6c5931c1a72e7947e8682
[INFO] running `Command { std: CARGO_HOME="/workspace/cargo-home" RUSTUP_HOME="/workspace/rustup-home" "/workspace/cargo-home/bin/cargo" "+e6e4f7ed1589e03bc2f6c5931c1a72e7947e8682" "metadata" "--manifest-path" "Cargo.toml" "--no-deps", kill_on_drop: false }`
[INFO] removed /workspace/builds/worker-3-tc2/source/.cargo/config
[INFO] removed /workspace/builds/worker-3-tc2/source/rust-toolchain
[INFO] started tweaking git repo https://github.com/Clanwashere/Veloren-RPG
[INFO] finished tweaking git repo https://github.com/Clanwashere/Veloren-RPG
[INFO] tweaked toml for git repo https://github.com/Clanwashere/Veloren-RPG written to /workspace/builds/worker-3-tc2/source/Cargo.toml
[INFO] crate git repo https://github.com/Clanwashere/Veloren-RPG already has a lockfile, it will not be regenerated
[INFO] running `Command { std: CARGO_HOME="/workspace/cargo-home" RUSTUP_HOME="/workspace/rustup-home" "/workspace/cargo-home/bin/cargo" "+e6e4f7ed1589e03bc2f6c5931c1a72e7947e8682" "fetch" "--manifest-path" "Cargo.toml", kill_on_drop: false }`
[INFO] running `Command { std: "docker" "create" "-v" "/var/lib/crater-agent-workspace/builds/worker-3-tc2/target:/opt/rustwide/target:rw,Z" "-v" "/var/lib/crater-agent-workspace/builds/worker-3-tc2/source:/opt/rustwide/workdir:ro,Z" "-v" "/var/lib/crater-agent-workspace/cargo-home:/opt/rustwide/cargo-home:ro,Z" "-v" "/var/lib/crater-agent-workspace/rustup-home:/opt/rustwide/rustup-home:ro,Z" "-e" "SOURCE_DIR=/opt/rustwide/workdir" "-e" "CARGO_TARGET_DIR=/opt/rustwide/target" "-e" "CARGO_HOME=/opt/rustwide/cargo-home" "-e" "RUSTUP_HOME=/opt/rustwide/rustup-home" "-w" "/opt/rustwide/workdir" "-m" "1610612736" "--user" "0:0" "--network" "none" "ghcr.io/rust-lang/crates-build-env/linux@sha256:19e73879b68f455e41552ea35293514db52ea292d993f571636dbffedb77a1ee" "/opt/rustwide/cargo-home/bin/cargo" "+e6e4f7ed1589e03bc2f6c5931c1a72e7947e8682" "metadata" "--no-deps" "--format-version=1", kill_on_drop: false }`
[INFO] [stdout] 1526d183a8cf6d31f8f26673e820b5f64215a8a399ac9be4f12247fba1246a66
[INFO] running `Command { std: "docker" "start" "-a" "1526d183a8cf6d31f8f26673e820b5f64215a8a399ac9be4f12247fba1246a66", kill_on_drop: false }`
[INFO] running `Command { std: "docker" "inspect" "1526d183a8cf6d31f8f26673e820b5f64215a8a399ac9be4f12247fba1246a66", kill_on_drop: false }`
[INFO] running `Command { std: "docker" "rm" "-f" "1526d183a8cf6d31f8f26673e820b5f64215a8a399ac9be4f12247fba1246a66", kill_on_drop: false }`
[INFO] [stdout] 1526d183a8cf6d31f8f26673e820b5f64215a8a399ac9be4f12247fba1246a66
[INFO] running `Command { std: "docker" "create" "-v" "/var/lib/crater-agent-workspace/builds/worker-3-tc2/target:/opt/rustwide/target:rw,Z" "-v" "/var/lib/crater-agent-workspace/builds/worker-3-tc2/source:/opt/rustwide/workdir:ro,Z" "-v" "/var/lib/crater-agent-workspace/cargo-home:/opt/rustwide/cargo-home:ro,Z" "-v" "/var/lib/crater-agent-workspace/rustup-home:/opt/rustwide/rustup-home:ro,Z" "-e" "SOURCE_DIR=/opt/rustwide/workdir" "-e" "CARGO_TARGET_DIR=/opt/rustwide/target" "-e" "CARGO_INCREMENTAL=0" "-e" "RUST_BACKTRACE=full" "-e" "RUSTFLAGS=--cap-lints=forbid" "-e" "RUSTDOCFLAGS=--cap-lints=forbid" "-e" "CARGO_HOME=/opt/rustwide/cargo-home" "-e" "RUSTUP_HOME=/opt/rustwide/rustup-home" "-w" "/opt/rustwide/workdir" "-m" "1610612736" "--user" "0:0" "--network" "none" "ghcr.io/rust-lang/crates-build-env/linux@sha256:19e73879b68f455e41552ea35293514db52ea292d993f571636dbffedb77a1ee" "/opt/rustwide/cargo-home/bin/cargo" "+e6e4f7ed1589e03bc2f6c5931c1a72e7947e8682" "check" "--frozen" "--all" "--all-targets" "--message-format=json", kill_on_drop: false }`
[INFO] [stdout] 1149dd8c205cf1d9f327a35580f7de0bf3bec481c71f1ca003576afda9f0b254
[INFO] running `Command { std: "docker" "start" "-a" "1149dd8c205cf1d9f327a35580f7de0bf3bec481c71f1ca003576afda9f0b254", kill_on_drop: false }`
[INFO] [stderr]    Compiling libc v0.2.121
[INFO] [stderr]    Compiling proc-macro2 v1.0.40
[INFO] [stderr]    Compiling quote v1.0.20
[INFO] [stderr]    Compiling unicode-ident v1.0.1
[INFO] [stderr]    Compiling autocfg v1.1.0
[INFO] [stderr]    Compiling syn v1.0.98
[INFO] [stderr]    Compiling log v0.4.16
[INFO] [stderr]    Compiling version_check v0.9.4
[INFO] [stderr]    Compiling memchr v2.4.1
[INFO] [stderr]    Compiling serde_derive v1.0.136
[INFO] [stderr]    Compiling serde v1.0.136
[INFO] [stderr]     Checking cfg-if v1.0.0
[INFO] [stderr]    Compiling crossbeam-utils v0.8.8
[INFO] [stderr]    Compiling libm v0.2.2
[INFO] [stderr]    Compiling rayon-core v1.9.1
[INFO] [stderr]     Checking lazy_static v1.4.0
[INFO] [stderr]     Checking once_cell v1.10.0
[INFO] [stderr]    Compiling pkg-config v0.3.25
[INFO] [stderr]     Checking bitflags v1.3.2
[INFO] [stderr]     Checking scopeguard v1.1.0
[INFO] [stderr]     Checking smallvec v1.8.0
[INFO] [stderr]    Compiling crc32fast v1.3.2
[INFO] [stderr]     Checking either v1.6.1
[INFO] [stderr]     Checking crossbeam-channel v0.5.4
[INFO] [stderr]    Compiling futures-core v0.3.21
[INFO] [stderr]    Compiling serde_json v1.0.79
[INFO] [stderr]    Compiling semver v1.0.7
[INFO] [stderr]    Compiling rustversion v1.0.6
[INFO] [stderr]    Compiling typenum v1.15.0
[INFO] [stderr]    Compiling futures-channel v0.3.21
[INFO] [stderr]    Compiling futures-task v0.3.21
[INFO] [stderr]    Compiling crossbeam-queue v0.3.5
[INFO] [stderr]    Compiling aho-corasick v0.7.18
[INFO] [stderr]     Checking pin-project-lite v0.2.8
[INFO] [stderr]    Compiling regex-syntax v0.6.25
[INFO] [stderr]    Compiling memoffset v0.6.5
[INFO] [stderr]    Compiling num-traits v0.2.14
[INFO] [stderr]    Compiling crossbeam-epoch v0.9.8
[INFO] [stderr]    Compiling ahash v0.7.6
[INFO] [stderr]    Compiling rayon v1.5.1
[INFO] [stderr]    Compiling indexmap v1.8.1
[INFO] [stderr]    Compiling lock_api v0.4.7
[INFO] [stderr]     Checking getrandom v0.2.6
[INFO] [stderr]    Compiling jobserver v0.1.24
[INFO] [stderr]     Checking num_cpus v1.13.1
[INFO] [stderr]    Compiling num-integer v0.1.44
[INFO] [stderr]    Compiling cc v1.0.73
[INFO] [stderr]     Checking crossbeam-deque v0.8.1
[INFO] [stderr]    Compiling nom v5.1.2
[INFO] [stderr]    Compiling futures-util v0.3.21
[INFO] [stderr]    Compiling rustc_version v0.4.0
[INFO] [stderr]    Compiling uncased v0.9.6
[INFO] [stderr]    Compiling generic-array v0.14.5
[INFO] [stderr]    Compiling num-iter v0.1.42
[INFO] [stderr]    Compiling num-bigint v0.4.3
[INFO] [stderr]    Compiling heck v0.4.0
[INFO] [stderr]    Compiling parking_lot_core v0.9.2
[INFO] [stderr]    Compiling version_check v0.1.5
[INFO] [stderr]     Checking hashbrown v0.11.2
[INFO] [stderr]    Compiling regex v1.5.5
[INFO] [stderr]    Compiling num-rational v0.4.0
[INFO] [stderr]    Compiling siphasher v0.3.10
[INFO] [stderr]     Checking byteorder v1.4.3
[INFO] [stderr]    Compiling rand_core v0.6.3
[INFO] [stderr]     Checking tracing-core v0.1.24
[INFO] [stderr]    Compiling ppv-lite86 v0.2.16
[INFO] [stderr]    Compiling xml-rs v0.8.4
[INFO] [stderr]    Compiling phf_shared v0.10.0
[INFO] [stderr]    Compiling parking_lot_core v0.8.5
[INFO] [stderr]    Compiling phf v0.10.1
[INFO] [stderr]     Checking base64 v0.13.0
[INFO] [stderr]    Compiling vek v0.15.8 (https://github.com/yoanlcq/vek.git?rev=84d5cb65841d46599a986c5477341bea4456be26#84d5cb65)
[INFO] [stderr]    Compiling rand_chacha v0.3.1
[INFO] [stderr]    Compiling nom v4.2.3
[INFO] [stderr]    Compiling slotmap v1.0.6
[INFO] [stderr]    Compiling parse-zoneinfo v0.3.0
[INFO] [stderr]     Checking mio v0.8.2
[INFO] [stderr]    Compiling rand v0.8.5
[INFO] [stderr]     Checking itoa v1.0.1
[INFO] [stderr]    Compiling veloren-common v0.10.0 (/opt/rustwide/workdir/common)
[INFO] [stderr]     Checking unicode-width v0.1.9
[INFO] [stderr]    Compiling proc-macro-error-attr v1.0.4
[INFO] [stderr]     Checking slab v0.4.6
[INFO] [stderr]    Compiling proc-macro-error v1.0.4
[INFO] [stderr]     Checking same-file v1.0.6
[INFO] [stderr]     Checking walkdir v2.3.2
[INFO] [stderr]     Checking fxhash v0.2.1
[INFO] [stderr]     Checking libloading v0.7.3
[INFO] [stderr]     Checking ab_glyph_rasterizer v0.1.5
[INFO] [stderr]    Compiling phf_generator v0.10.0
[INFO] [stderr]    Compiling bytecheck v0.6.7
[INFO] [stderr]    Compiling phf_codegen v0.10.0
[INFO] [stderr]     Checking ryu v1.0.9
[INFO] [stderr]     Checking adler v1.0.2
[INFO] [stderr]     Checking miniz_oxide v0.5.1
[INFO] [stderr]    Compiling chrono-tz-build v0.0.2
[INFO] [stderr]    Compiling rend v0.3.6
[INFO] [stderr]     Checking static_assertions v1.1.0
[INFO] [stderr]     Checking dirs-sys-next v0.1.2
[INFO] [stderr]     Checking ahash v0.4.7
[INFO] [stderr]    Compiling target-lexicon v0.12.3
[INFO] [stderr]    Compiling rkyv v0.7.37
[INFO] [stderr]     Checking ansi_term v0.12.1
[INFO] [stderr]     Checking hashbrown v0.9.1
[INFO] [stderr]    Compiling fnv v1.0.7
[INFO] [stderr]    Compiling strsim v0.10.0
[INFO] [stderr]    Compiling ident_case v1.0.1
[INFO] [stderr]    Compiling wayland-sys v0.29.4
[INFO] [stderr]     Checking vec_map v0.8.2
[INFO] [stderr]    Compiling darling_core v0.13.2
[INFO] [stderr]    Compiling wayland-scanner v0.29.4
[INFO] [stderr]     Checking atty v0.2.14
[INFO] [stderr]     Checking textwrap v0.11.0
[INFO] [stderr]     Checking signal-hook-registry v1.4.0
[INFO] [stderr]     Checking strsim v0.8.0
[INFO] [stderr]     Checking ttf-parser v0.15.0
[INFO] [stderr]     Checking futures-sink v0.3.21
[INFO] [stderr]    Compiling async-trait v0.1.53
[INFO] [stderr]     Checking clap v2.34.0
[INFO] [stderr]    Compiling ring v0.16.20
[INFO] [stderr]    Compiling backtrace v0.3.65
[INFO] [stderr]    Compiling wasmer-vm v2.2.1
[INFO] [stderr]     Checking inotify-sys v0.1.5
[INFO] [stderr]     Checking filetime v0.2.15
[INFO] [stderr]     Checking bytes v1.1.0
[INFO] [stderr]     Checking pin-utils v0.1.0
[INFO] [stderr]     Checking futures-io v0.3.21
[INFO] [stderr]     Checking inotify v0.9.6
[INFO] [stderr]     Checking adler32 v1.2.0
[INFO] [stderr]    Compiling prometheus v0.13.0
[INFO] [stderr]    Compiling httparse v1.6.0
[INFO] [stderr]    Compiling rustls v0.20.4
[INFO] [stderr]     Checking owned_ttf_parser v0.15.0
[INFO] [stderr]     Checking deflate v1.0.0
[INFO] [stderr]     Checking parking_lot v0.12.0
[INFO] [stderr]     Checking ab_glyph v0.2.15
[INFO] [stderr]     Checking notify v5.0.0-pre.15
[INFO] [stderr]     Checking directories-next v2.0.0
[INFO] [stderr]     Checking ordered-float v2.10.0
[INFO] [stderr]     Checking png v0.17.5
[INFO] [stderr]     Checking instant v0.1.12
[INFO] [stderr]    Compiling getrandom v0.1.16
[INFO] [stderr]     Checking mopa v0.2.2
[INFO] [stderr]     Checking jpeg-decoder v0.2.6
[INFO] [stderr]     Checking color_quant v1.1.0
[INFO] [stderr]     Checking atom v0.3.6
[INFO] [stderr]     Checking arrayvec v0.7.2
[INFO] [stderr]     Checking wavefront v0.2.2
[INFO] [stderr]     Checking hibitset v0.6.3
[INFO] [stderr]     Checking dot_vox v4.1.0
[INFO] [stderr]     Checking time v0.1.44
[INFO] [stderr]     Checking socket2 v0.4.4
[INFO] [stderr]    Compiling cranelift-codegen-shared v0.76.0
[INFO] [stderr]    Compiling cranelift-entity v0.76.0
[INFO] [stderr]    Compiling proc-macro-hack v0.5.19
[INFO] [stderr]     Checking shrev v1.1.1
[INFO] [stderr]     Checking tuple_utils v0.4.0
[INFO] [stderr]    Compiling libsqlite3-sys v0.20.1
[INFO] [stderr]     Checking dlib v0.5.0
[INFO] [stderr]    Compiling cranelift-codegen-meta v0.76.0
[INFO] [stderr]    Compiling cast v0.2.7
[INFO] [stderr]     Checking approx v0.5.1
[INFO] [stderr]     Checking approx v0.4.0
[INFO] [stderr]    Compiling x11-dl v2.19.1
[INFO] [stderr]     Checking parking_lot v0.11.2
[INFO] [stderr]     Checking block-buffer v0.10.2
[INFO] [stderr]     Checking crypto-common v0.1.3
[INFO] [stderr]     Checking digest v0.10.3
[INFO] [stderr]     Checking cpufeatures v0.2.2
[INFO] [stderr]     Checking untrusted v0.7.1
[INFO] [stderr]     Checking spin v0.5.2
[INFO] [stderr]     Checking tynm v0.1.6
[INFO] [stderr]     Checking sha2 v0.10.2
[INFO] [stderr]    Compiling wayland-sys v0.28.6
[INFO] [stderr]     Checking cty v0.2.2
[INFO] [stderr]     Checking spin_sleep v1.1.1
[INFO] [stderr]     Checking roots v0.0.6
[INFO] [stderr]     Checking raw-window-handle v0.4.3
[INFO] [stderr]    Compiling wayland-scanner v0.28.6
[INFO] [stderr]     Checking downcast-rs v1.2.0
[INFO] [stderr]     Checking scoped-tls v1.0.0
[INFO] [stderr]    Compiling wayland-client v0.29.4
[INFO] [stderr]    Compiling wayland-protocols v0.29.4
[INFO] [stderr]    Compiling wasmer-compiler-cranelift v2.2.1
[INFO] [stderr]     Checking tinyvec_macros v0.1.0
[INFO] [stderr]     Checking tinyvec v1.5.1
[INFO] [stderr]     Checking minimal-lexical v0.2.1
[INFO] [stderr]     Checking termcolor v1.1.3
[INFO] [stderr]    Compiling radium v0.6.2
[INFO] [stderr]    Compiling libm v0.1.4
[INFO] [stderr]     Checking nom v7.1.1
[INFO] [stderr]     Checking mio v0.7.14
[INFO] [stderr]    Compiling packed_simd_2 v0.3.7
[INFO] [stderr]     Checking gimli v0.26.1
[INFO] [stderr]     Checking seahash v4.1.0
[INFO] [stderr]     Checking rustc-hash v1.1.0
[INFO] [stderr]     Checking fallible-iterator v0.2.0
[INFO] [stderr]    Compiling nix v0.18.0
[INFO] [stderr]     Checking rustc-demangle v0.1.21
[INFO] [stderr]     Checking xcursor v0.3.4
[INFO] [stderr]     Checking regex-automata v0.1.10
[INFO] [stderr]     Checking region v3.0.0
[INFO] [stderr]     Checking openssl-probe v0.1.5
[INFO] [stderr]     Checking more-asserts v0.2.2
[INFO] [stderr]    Compiling chrono-tz v0.6.1
[INFO] [stderr]     Checking stable_deref_trait v1.2.0
[INFO] [stderr]     Checking cfg-if v0.1.10
[INFO] [stderr]     Checking nix v0.22.3
[INFO] [stderr]     Checking wasmparser v0.78.2
[INFO] [stderr]     Checking fastrand v1.7.0
[INFO] [stderr]     Checking remove_dir_all v0.5.3
[INFO] [stderr]    Compiling glob v0.3.0
[INFO] [stderr]     Checking http v0.2.6
[INFO] [stderr]     Checking tempfile v3.3.0
[INFO] [stderr]     Checking flate2 v1.0.24
[INFO] [stderr]     Checking twox-hash v1.6.2
[INFO] [stderr]    Compiling wayland-client v0.28.6
[INFO] [stderr]    Compiling wayland-protocols v0.28.6
[INFO] [stderr]     Checking sum_type v0.2.0
[INFO] [stderr]     Checking addr2line v0.17.0
[INFO] [stderr]     Checking num_threads v0.1.5
[INFO] [stderr]     Checking sct v0.7.0
[INFO] [stderr]     Checking time v0.3.9
[INFO] [stderr]     Checking webpki v0.22.0
[INFO] [stderr]     Checking raw-window-handle v0.3.4
[INFO] [stderr]    Compiling spirv_cross v0.23.1
[INFO] [stderr]     Checking rustls-pemfile v0.2.1
[INFO] [stderr]    Compiling smithay-client-toolkit v0.15.3
[INFO] [stderr]     Checking itertools v0.10.3
[INFO] [stderr]     Checking try-lock v0.2.3
[INFO] [stderr]     Checking cache-padded v1.2.0
[INFO] [stderr]     Checking leb128 v0.2.5
[INFO] [stderr]    Compiling clang-sys v1.3.1
[INFO] [stderr]     Checking cranelift-bforest v0.76.0
[INFO] [stderr]     Checking concurrent-queue v1.2.2
[INFO] [stderr]     Checking want v0.3.0
[INFO] [stderr]     Checking http-body v0.4.4
[INFO] [stderr]     Checking rustls-native-certs v0.6.1
[INFO] [stderr]     Checking regalloc v0.0.31
[INFO] [stderr]     Checking memmap2 v0.5.3
[INFO] [stderr]     Checking event-listener v2.5.2
[INFO] [stderr]     Checking httpdate v1.0.2
[INFO] [stderr]    Compiling winit v0.25.0
[INFO] [stderr]    Compiling humantime v2.1.0
[INFO] [stderr]    Compiling bindgen v0.56.0
[INFO] [stderr]     Checking wayland-commons v0.29.4
[INFO] [stderr]     Checking tower-service v0.3.1
[INFO] [stderr]    Compiling env_logger v0.8.4
[INFO] [stderr]     Checking async-channel v1.6.1
[INFO] [stderr]     Checking matchers v0.1.0
[INFO] [stderr]     Checking tracing-log v0.1.2
[INFO] [stderr]    Compiling which v3.1.1
[INFO] [stderr]     Checking which v4.2.5
[INFO] [stderr]    Compiling memoffset v0.5.6
[INFO] [stderr]    Compiling crossbeam-utils v0.7.2
[INFO] [stderr]     Checking thread_local v1.1.4
[INFO] [stderr]     Checking sharded-slab v0.1.4
[INFO] [stderr]    Compiling peeking_take_while v0.1.2
[INFO] [stderr]    Compiling shlex v0.1.1
[INFO] [stderr]    Compiling lazycell v1.3.0
[INFO] [stderr]     Checking percent-encoding v2.1.0
[INFO] [stderr]    Compiling maybe-uninit v2.0.0
[INFO] [stderr]    Compiling khronos-egl v4.1.0
[INFO] [stderr]    Compiling cexpr v0.4.0
[INFO] [stderr]     Checking wayland-cursor v0.29.4
[INFO] [stderr]     Checking rand_core v0.5.1
[INFO] [stderr]     Checking wast v39.0.0
[INFO] [stderr]     Checking ordered-float v3.0.0
[INFO] [stderr] error: could not compile `cranelift-codegen-meta` (lib)
[INFO] [stderr] 
[INFO] [stderr] Caused by:
[INFO] [stderr]   process didn't exit successfully: `/opt/rustwide/rustup-home/toolchains/e6e4f7ed1589e03bc2f6c5931c1a72e7947e8682/bin/rustc --crate-name cranelift_codegen_meta --edition=2018 /opt/rustwide/cargo-home/registry/src/index.crates.io-6f17d22bba15001f/cranelift-codegen-meta-0.76.0/src/lib.rs --error-format=json --json=diagnostic-rendered-ansi,artifacts,future-incompat --crate-type lib --emit=dep-info,metadata,link -C opt-level=3 -C embed-bitcode=no -C debuginfo=0 -C debug-assertions=on -C metadata=2668d758987a4443 -C extra-filename=-2668d758987a4443 --out-dir /opt/rustwide/target/debug/deps -L dependency=/opt/rustwide/target/debug/deps --extern cranelift_codegen_shared=/opt/rustwide/target/debug/deps/libcranelift_codegen_shared-88061cd648fb4fa1.rmeta --extern cranelift_entity=/opt/rustwide/target/debug/deps/libcranelift_entity-8a250d4f89935de5.rmeta --cap-lints allow --cap-lints=forbid` (signal: 9, SIGKILL: kill)
[INFO] [stderr] warning: build failed, waiting for other jobs to finish...
[INFO] [stderr] error: could not compile `syn` (lib)
[INFO] [stderr] 
[INFO] [stderr] Caused by:
[INFO] [stderr]   process didn't exit successfully: `/opt/rustwide/rustup-home/toolchains/e6e4f7ed1589e03bc2f6c5931c1a72e7947e8682/bin/rustc --crate-name syn --edition=2018 /opt/rustwide/cargo-home/registry/src/index.crates.io-6f17d22bba15001f/syn-1.0.98/src/lib.rs --error-format=json --json=diagnostic-rendered-ansi,artifacts,future-incompat --crate-type lib --emit=dep-info,metadata,link -C opt-level=3 -C embed-bitcode=no -C debuginfo=0 -C debug-assertions=on --cfg 'feature="clone-impls"' --cfg 'feature="default"' --cfg 'feature="derive"' --cfg 'feature="extra-traits"' --cfg 'feature="fold"' --cfg 'feature="full"' --cfg 'feature="parsing"' --cfg 'feature="printing"' --cfg 'feature="proc-macro"' --cfg 'feature="quote"' --cfg 'feature="visit"' --cfg 'feature="visit-mut"' -C metadata=f574b348ddff2d61 -C extra-filename=-f574b348ddff2d61 --out-dir /opt/rustwide/target/debug/deps -L dependency=/opt/rustwide/target/debug/deps --extern proc_macro2=/opt/rustwide/target/debug/deps/libproc_macro2-4895a167e5d4d399.rmeta --extern quote=/opt/rustwide/target/debug/deps/libquote-1b1d97d0f2be410f.rmeta --extern unicode_ident=/opt/rustwide/target/debug/deps/libunicode_ident-e5ad29bad74ad1d1.rmeta --cap-lints allow --cap-lints=forbid` (signal: 9, SIGKILL: kill)
[INFO] [stderr] error: could not compile `clang-sys` (lib)
[INFO] [stderr] 
[INFO] [stderr] Caused by:
[INFO] [stderr]   process didn't exit successfully: `/opt/rustwide/rustup-home/toolchains/e6e4f7ed1589e03bc2f6c5931c1a72e7947e8682/bin/rustc --crate-name clang_sys /opt/rustwide/cargo-home/registry/src/index.crates.io-6f17d22bba15001f/clang-sys-1.3.1/src/lib.rs --error-format=json --json=diagnostic-rendered-ansi,artifacts,future-incompat --crate-type lib --emit=dep-info,metadata,link -C opt-level=3 -C embed-bitcode=no -C debuginfo=0 -C debug-assertions=on --cfg 'feature="clang_3_5"' --cfg 'feature="clang_3_6"' --cfg 'feature="clang_3_7"' --cfg 'feature="clang_3_8"' --cfg 'feature="clang_3_9"' --cfg 'feature="clang_4_0"' --cfg 'feature="clang_5_0"' --cfg 'feature="clang_6_0"' --cfg 'feature="libloading"' --cfg 'feature="runtime"' -C metadata=d0e45eed68eacda7 -C extra-filename=-d0e45eed68eacda7 --out-dir /opt/rustwide/target/debug/deps -L dependency=/opt/rustwide/target/debug/deps --extern glob=/opt/rustwide/target/debug/deps/libglob-1089b8ee896f0b0c.rmeta --extern libc=/opt/rustwide/target/debug/deps/liblibc-f1dc6e2e7219d300.rmeta --extern libloading=/opt/rustwide/target/debug/deps/liblibloading-f981f5364c357576.rmeta --cap-lints allow --cap-lints=forbid` (signal: 9, SIGKILL: kill)
[INFO] [stderr] The following warnings were emitted during compilation:
[INFO] [stderr] 
[INFO] [stderr] warning: cc: fatal error: Killed signal terminated program cc1
[INFO] [stderr] warning: compilation terminated.
[INFO] [stderr] 
[INFO] [stderr] error: failed to run custom build command for `libsqlite3-sys v0.20.1`
[INFO] [stderr] note: To improve backtraces for build dependencies, set the CARGO_PROFILE_DEV_BUILD_OVERRIDE_DEBUG=true environment variable to enable debug information generation.
[INFO] [stderr] 
[INFO] [stderr] Caused by:
[INFO] [stderr]   process didn't exit successfully: `/opt/rustwide/target/debug/build/libsqlite3-sys-ab96708bd77293fa/build-script-build` (exit status: 1)
[INFO] [stderr]   --- stdout
[INFO] [stderr]   cargo:rerun-if-changed=sqlite3/sqlite3.c
[INFO] [stderr]   cargo:rerun-if-changed=sqlite3/wasm32-wasi-vfs.c
[INFO] [stderr]   cargo:rerun-if-env-changed=SQLITE_MAX_VARIABLE_NUMBER
[INFO] [stderr]   cargo:rerun-if-env-changed=SQLITE_MAX_EXPR_DEPTH
[INFO] [stderr]   cargo:rerun-if-env-changed=LIBSQLITE3_FLAGS
[INFO] [stderr]   TARGET = Some("x86_64-unknown-linux-gnu")
[INFO] [stderr]   OPT_LEVEL = Some("3")
[INFO] [stderr]   HOST = Some("x86_64-unknown-linux-gnu")
[INFO] [stderr]   CC_x86_64-unknown-linux-gnu = None
[INFO] [stderr]   CC_x86_64_unknown_linux_gnu = None
[INFO] [stderr]   HOST_CC = None
[INFO] [stderr]   CC = None
[INFO] [stderr]   CFLAGS_x86_64-unknown-linux-gnu = None
[INFO] [stderr]   CFLAGS_x86_64_unknown_linux_gnu = None
[INFO] [stderr]   HOST_CFLAGS = None
[INFO] [stderr]   CFLAGS = None
[INFO] [stderr]   CRATE_CC_NO_DEFAULTS = None
[INFO] [stderr]   DEBUG = Some("false")
[INFO] [stderr]   CARGO_CFG_TARGET_FEATURE = Some("fxsr,sse,sse2")
[INFO] [stderr]   running: "cc" "-O3" "-ffunction-sections" "-fdata-sections" "-fPIC" "-m64" "-DSQLITE_CORE" "-DSQLITE_DEFAULT_FOREIGN_KEYS=1" "-DSQLITE_ENABLE_API_ARMOR" "-DSQLITE_ENABLE_COLUMN_METADATA" "-DSQLITE_ENABLE_DBSTAT_VTAB" "-DSQLITE_ENABLE_FTS3" "-DSQLITE_ENABLE_FTS3_PARENTHESIS" "-DSQLITE_ENABLE_FTS5" "-DSQLITE_ENABLE_JSON1" "-DSQLITE_ENABLE_LOAD_EXTENSION=1" "-DSQLITE_ENABLE_MEMORY_MANAGEMENT" "-DSQLITE_ENABLE_RTREE" "-DSQLITE_ENABLE_STAT2" "-DSQLITE_ENABLE_STAT4" "-DSQLITE_SOUNDEX" "-DSQLITE_THREADSAFE=1" "-DSQLITE_USE_URI" "-DHAVE_USLEEP=1" "-D_POSIX_THREAD_SAFE_FUNCTIONS" "-DHAVE_ISNAN" "-DHAVE_LOCALTIME_R" "-o" "/opt/rustwide/target/debug/build/libsqlite3-sys-1813b59dfc4579e0/out/sqlite3/sqlite3.o" "-c" "sqlite3/sqlite3.c"
[INFO] [stderr]   cargo:warning=cc: fatal error: Killed signal terminated program cc1
[INFO] [stderr]   cargo:warning=compilation terminated.
[INFO] [stderr]   exit status: 1
[INFO] [stderr] 
[INFO] [stderr]   --- stderr
[INFO] [stderr] 
[INFO] [stderr] 
[INFO] [stderr]   error occurred: Command "cc" "-O3" "-ffunction-sections" "-fdata-sections" "-fPIC" "-m64" "-DSQLITE_CORE" "-DSQLITE_DEFAULT_FOREIGN_KEYS=1" "-DSQLITE_ENABLE_API_ARMOR" "-DSQLITE_ENABLE_COLUMN_METADATA" "-DSQLITE_ENABLE_DBSTAT_VTAB" "-DSQLITE_ENABLE_FTS3" "-DSQLITE_ENABLE_FTS3_PARENTHESIS" "-DSQLITE_ENABLE_FTS5" "-DSQLITE_ENABLE_JSON1" "-DSQLITE_ENABLE_LOAD_EXTENSION=1" "-DSQLITE_ENABLE_MEMORY_MANAGEMENT" "-DSQLITE_ENABLE_RTREE" "-DSQLITE_ENABLE_STAT2" "-DSQLITE_ENABLE_STAT4" "-DSQLITE_SOUNDEX" "-DSQLITE_THREADSAFE=1" "-DSQLITE_USE_URI" "-DHAVE_USLEEP=1" "-D_POSIX_THREAD_SAFE_FUNCTIONS" "-DHAVE_ISNAN" "-DHAVE_LOCALTIME_R" "-o" "/opt/rustwide/target/debug/build/libsqlite3-sys-1813b59dfc4579e0/out/sqlite3/sqlite3.o" "-c" "sqlite3/sqlite3.c" with args "cc" did not execute successfully (status code exit status: 1).
[INFO] [stderr] 
[INFO] [stderr] 
[ERROR] error running command: no output for 300 seconds
[INFO] running `Command { std: "docker" "inspect" "1149dd8c205cf1d9f327a35580f7de0bf3bec481c71f1ca003576afda9f0b254", kill_on_drop: false }`
[INFO] running `Command { std: "docker" "rm" "-f" "1149dd8c205cf1d9f327a35580f7de0bf3bec481c71f1ca003576afda9f0b254", kill_on_drop: false }`
[INFO] [stdout] 1149dd8c205cf1d9f327a35580f7de0bf3bec481c71f1ca003576afda9f0b254
